
32
In base 4, what is 10 - 130?
-120
In base 7, what is -654 - -53?
-601
In base 4, what is 12330 - -11?
13001
In base 15, what is a + -1?
9
In base 10, what is 64 + 0?
64
In base 6, what is 1052 - 113?
535
In base 12, what is 2 - 117?
-115
In base 14, what is 5 - 29?
-24
In base 13, what is -54b + 9?
-542
In base 9, what is -215 - 125?
-341
In base 6, what is 25 + 10?
35
In base 2, what is 1111010 - -1010000?
11001010
In base 13, what is -3c23 - 5?
-3c28
In base 12, what is 4 + -1a3?
-19b
In base 15, what is d - -231?
23e
In base 16, what is 2 - f1a?
-f18
In base 2, what is -11 - 1?
-100
In base 9, what is 4 + 882?
886
In base 6, what is -15 - 5?
-24
In base 6, what is 25 - 1?
24
In base 5, what is 11 + -114?
-103
In base 6, what is -3 + 113?
110
In base 8, what is 11 + 404?
415
In base 8, what is 4 + -15?
-11
In base 13, what is 0 + -523?
-523
In base 6, what is 4 + -4321?
-4313
In base 5, what is -1003 + -2?
-1010
In base 8, what is 2 - -7?
11
In base 11, what is -1 - 270?
-271
In base 14, what is 149 + -2?
147
In base 15, what is 6 + -174?
-16d
In base 13, what is 260 + -b?
252
In base 15, what is 0 - 9a5?
-9a5
In base 4, what is 1 - -1101?
1102
In base 3, what is -1012101 + -1?
-1012102
In base 12, what is 182 + -32?
150
In base 3, what is 12 + -200102?
-200020
In base 13, what is -c - b?
-1a
In base 15, what is -62 - -181?
11e
In base 11, what is -5 - -13?
9
In base 7, what is 12 - -5?
20
In base 16, what is -5 + -45?
-4a
In base 10, what is 3 - 60?
-57
In base 5, what is 10 + 2300?
2310
In base 3, what is 112 - 120?
-1
In base 2, what is -1000100 + -1100010?
-10100110
In base 4, what is -13 - 13130?
-13203
In base 8, what is 344 + -1?
343
In base 2, what is -10010010011011 - 1?
-10010010011100
In base 3, what is 20 - 1001022?
-1001002
In base 7, what is -5335 + 3?
-5332
In base 12, what is 12 - 4b?
-39
In base 16, what is -13 - -11?
-2
In base 14, what is 2 + -18c?
-18a
In base 14, what is 3 + -1b?
-18
In base 6, what is 3114 + -31?
3043
In base 8, what is 1 + -613?
-612
In base 10, what is -194 + -2?
-196
In base 11, what is -44 - -16?
-29
In base 15, what is 93 - 16?
7c
In base 11, what is -773 - -6?
-768
In base 8, what is -207 + -213?
-422
In base 11, what is 6 + 20?
26
In base 13, what is -36 - -17?
-1c
In base 7, what is -2235 + 0?
-2235
In base 4, what is 0 + -101?
-101
In base 7, what is -5 + 1223?
1215
In base 2, what is -10011 - 101?
-11000
In base 5, what is -22 - -23?
1
In base 10, what is -2 - -8?
6
In base 6, what is -5 - -1233?
1224
In base 9, what is -4 + 26?
22
In base 13, what is 13 - -111?
124
In base 9, what is 7 + 414?
422
In base 14, what is -4 + 24?
20
In base 13, what is -3 + -2b9?
-2bc
In base 15, what is -2 + -14?
-16
In base 12, what is -3a6 - -2?
-3a4
In base 9, what is -12 - 2?
-14
In base 15, what is 4 - -32?
36
In base 9, what is -763 - -1?
-762
In base 8, what is 4 + 11?
15
In base 12, what is 3 + 91b?
922
In base 4, what is -12331 - -113?
-12212
In base 14, what is -1d2 - 6?
-1d8
In base 10, what is 37 - 63?
-26
In base 3, what is 0 - 11010?
-11010
In base 12, what is -2 + 493?
491
In base 15, what is 45 - -11?
56
In base 13, what is 1 - -14?
15
In base 10, what is 5 - 52?
-47
In base 12, what is -1 + 16?
15
In base 3, what is -222 + -212?
-1211
In base 16, what is 5 + 7f?
84
In base 9, what is 1 - 3604?
-3603
In base 2, what is -10110110 + 10?
-10110100
In base 9, what is -33 - -15?
-17
In base 6, what is -212 - -3?
-205
In base 14, what is -13ab - 4?
-13b1
In base 8, what is 163 + 4?
167
In base 12, what is 77 + -1?
76
In base 3, what is 1022 - -100?
1122
In base 16, what is -7e0 + -1?
-7e1
In base 8, what is 2 - -64?
66
In base 6, what is 3 - 1433?
-1430
In base 16, what is 8bf + -b?
8b4
In base 2, what is 111001000 - 1100?
110111100
In base 7, what is -505 - -4?
-501
In base 6, what is -14153 + 3?
-14150
In base 3, what is -12 + -1?
-20
In base 7, what is -121 - -13?
-105
In base 12, what is 63 - 2?
61
In base 6, what is 1320 + -21?
1255
In base 12, what is -4 + -30b?
-313
In base 4, what is 0 - 110?
-110
In base 3, what is 10 - 1011022?
-1011012
In base 13, what is 0 + -a2?
-a2
In base 10, what is -1 - -2?
1
In base 5, what is 3 + -12204?
-12201
In base 3, what is 11 - -22021?
22102
In base 7, what is -4 - 46?
-53
In base 16, what is 1a - 5?
15
In base 13, what is -1 - 76?
-77
In base 3, what is 20110 + -12?
20021
In base 12, what is 1027 - 4?
1023
In base 7, what is 3 + 10?
13
In base 8, what is 20 + -17?
1
In base 16, what is 0 + -152?
-152
In base 14, what is -19 + 6?
-13
In base 13, what is c21 - 2?
c1c
In base 3, what is -10 - 100?
-110
In base 16, what is -285 - -12?
-273
In base 4, what is -2011 - 3?
-2020
In base 13, what is 1 + 17?
18
In base 9, what is -1 + 387?
386
In base 15, what is 5 - -882?
887
In base 7, what is 43 + -23?
20
In base 16, what is 1 - 158b?
-158a
In base 16, what is -5e14 - 3?
-5e17
In base 11, what is 1 - -67?
68
In base 12, what is -5 + 10a?
105
In base 16, what is 9f + -5?
9a
In base 12, what is 104 + 0?
104
In base 15, what is 0 + -48?
-48
In base 5, what is 10 + -34120?
-34110
In base 16, what is 7c + 1?
7d
In base 6, what is -11 + -225?
-240
In base 10, what is -252 + 10?
-242
In base 2, what is -1001101110000 - -101?
-1001101101011
In base 13, what is 647 + 3?
64a
In base 7, what is 4 + 3455?
3462
In base 6, what is -2252 - 5?
-2301
In base 9, what is 3 - -26?
30
In base 12, what is -2 + -15b1?
-15b3
In base 14, what is 2 + b?
d
In base 4, what is 3 + 102123?
102132
In base 14, what is -182 + -4?
-186
In base 15, what is 127 - 4?
123
In base 13, what is -178 - 5?
-180
In base 16, what is -d4 + -1?
-d5
In base 4, what is -1310013 - -3?
-1310010
In base 8, what is -3520 - 5?
-3525
In base 8, what is -5 - 33?
-40
In base 12, what is -7 + -19?
-24
In base 13, what is -c + -13?
-22
In base 15, what is 1 - 185?
-184
In base 8, what is -2017 + -5?
-2024
In base 5, what is -10 - 300?
-310
In base 7, what is -314 + 12?
-302
In base 14, what is 6 + -b?
-5
In base 9, what is 31 - 1640?
-1608
In base 14, what is -d + 48?
39
In base 16, what is 5 + -1246?
-1241
In base 4, what is -23 + -20321?
-21010
In base 13, what is -2 + -2c?
-31
In base 7, what is -1 - -154?
153
In base 9, what is -5 + -50?
-55
In base 4, what is 21331 + -3?
21322
In base 5, what is -12 + 30?
13
In base 9, what is -863 + 2?
-861
In base 13, what is 9b - -7?
a5
In base 6, what is -11 + -1230?
-1241
In base 3, what is 21110 - 110?
21000
In base 2, what is 101 - 1100111111?
-1100111010
In base 13, what is -1 + 190?
18c
In base 15, what is -1cd + 3?
-1ca
In base 15, what is -15 - -99?
84
In base 7, what is 210 + 0?
210
In base 7, what is 140 + 3?
143
In base 2, what is -10111 + 100010?
1011
In base 13, what is 5 - 3066?
-3061
In base 14, what is -71c + -3?
-721
In base 5, what is 43 + -242?
-144
In base 16, what is -7 - -28a?
283
In base 8, what is 0 - 445?
-445
In base 2, what is 11100111 + 101111?
100010110
In base 4, what is -3 - -10321?
10312
In base 5, what is -12102 + 4?
-12043
In base 2, what is -100 + -111110101?
-111111001
In base 3, what is -212112 + -12?
-212201
In base 8, what is 7 + 7?
16
In base 12, what is -1 - -6a?
69
In base 3, what is 10102 - -10?
10112
In base 13, what is -7 + a7?
a0
In base 4, what is -32103 - 11?
-32120
In base 12, what is -17 - -10?
-7
In base 9, what is 12881 + -3?
12877
In base 2, what is 100 - -1101110101101?
1101110110001
In base 14, what is -5 - 21?
-26
In base 11, what is -6 - 54?
-5a
In base 4, what is -1001 - 30?
-1031
In base 13, what is -4 - -36?
32
In base 14, what is 11c + -4?
118
In base 3, what is 1022 + -11?
1011
In base 12, what is 4 + -101?
-b9
In base 12, what is 331 + -4?
329
In base 10, what is -5 + 8?
3
In base 4, what is 1313031 + -2?
1313023
In base 15, what is -1 + -3c?
-3d
In base 9, what is -1 + -81?
-82
In base 2, what is 101 + -111100101?
-111100000
In base 11, what is -3 - -12a2?
129a
In base 11, what is 2441 - -2?
2443
In base 16, what is 4fe - 0?
4fe
In base 13, what is 3c - -112?
151
In base 11, what is -2 - -1?
-1
In base 11, what is -9 - -4?
-5
In base 3, what is 0 + 210?
210
In base 7, what is -2651 - -10?
-2641
In base 12, what is -4 - 12?
-16
In base 15, what is 44 - -9b?
e0
In base 4, what is 1133 - -11102?
12301
In base 12, w